7 composite?
False
Is 21 a prime number?
False
Is 60811 prime?
True
Is 222587 prime?
True
Is 13011 prime?
False
Is 2117 composite?
True
Is 178 a composite number?
True
Is 618509 composite?
False
Is 166 a composite number?
True
Is 1655 prime?
False
Is 15683 prime?
True
Is 1724367 a composite number?
True
Is 20561 a prime number?
False
Is 235661 a composite number?
False
Is 35759 composite?
False
Is 22333 a prime number?
False
Is 817 composite?
True
Is 6119 composite?
True
Is 757 a prime number?
True
Is 46229 composite?
False
Is 1581097 prime?
False
Is 6185 a prime number?
False
Is 31235 prime?
False
Is 18013 prime?
True
Is 13263 composite?
True
Is 17291 a prime number?
True
Is 82129 prime?
True
Is 15599 a composite number?
True
Is 17846 prime?
False
Is 4763 prime?
False
Is 143093 composite?
False
Is 68437 a prime number?
True
Is 175811 a composite number?
False
Is 14709 prime?
False
Is 139807 prime?
False
Is 18037 a composite number?
True
Is 28261 prime?
False
Is 20783 composite?
True
Is 542293 a composite number?
False
Is 50381 a composite number?
True
Is 47363 composite?
False
Is 2017 a prime number?
True
Is 46015 prime?
False
Is 213 composite?
True
Is 143053 composite?
False
Is 290287 composite?
True
Is 333767 a prime number?
False
Is 10597 a composite number?
False
Is 121403 composite?
False
Is 259997 prime?
False
Is 3659 composite?
False
Is 1574 composite?
True
Is 116239 a prime number?
True
Is 179623 a prime number?
True
Is 548347 prime?
True
Is 4861 a composite number?
False
Is 125611 a prime number?
False
Is 62351 a prime number?
True
Is 2276909 a prime number?
True
Is 332201 a prime number?
True
Is 32641 prime?
False
Is 483367 a composite number?
False
Is 272703 prime?
False
Is 9029 prime?
True
Is 631 prime?
True
Is 5647 prime?
True
Is 113561 a composite number?
True
Is 11851 a prime number?
False
Is 37495 prime?
False
Is 475271 a composite number?
False
Is 4177 a composite number?
False
Is 32101 prime?
False
Is 43223 a composite number?
False
Is 1920743 a composite number?
True
Is 1111943 a composite number?
True
Is 34781 prime?
True
Is 33141 a composite number?
True
Is 14995 a composite number?
True
Is 229913 a composite number?
True
Is 2502311 a composite number?
True
Is 7789 prime?
True
Is 1006051 composite?
True
Is 920693 prime?
False
Is 443 a prime number?
True
Is 3113767 a prime number?
True
Is 12991 composite?
True
Is 8903 prime?
False
Is 4369 composite?
True
Is 11669 a prime number?
False
Is 58489 a prime number?
False
Is 207559 a composite number?
True
Is 1359467 prime?
True
Is 8903 a prime number?
False
Is 58451 composite?
False
Is 88169 a prime number?
True
Is 362069 composite?
False
Is 3691 prime?
True
Is 1571513 composite?
False
Is 6887 a prime number?
False
Is 26305 a composite number?
True
Is 4717 a composite number?
True
Is 7279 a composite number?
True
Is 24943 a composite number?
False
Is 408451 a prime number?
False
Is 3386 a composite number?
True
Is 6469 composite?
False
Is 297641 a composite number?
False
Is 215051 a prime number?
True
Is 83383 prime?
True
Is 92878 a prime number?
False
Is 6638443 a prime number?
False
Is 21005 composite?
True
Is 9587 prime?
True
Is 18577 a prime number?
False
Is 943499 a composite number?
False
Is 2503 a prime number?
True
Is 12842 a composite number?
True
Is 7291 a prime number?
False
Is 14971 a prime number?
False
Is 13267 composite?
False
Is 93523 prime?
True
Is 701 a composite number?
False
Is 1633 composite?
True
Is 134137 a composite number?
True
Is 220091 a composite number?
True
Is 1061 a composite number?
False
Is 223817 a prime number?
False
Is 1584321 prime?
False
Is 8351 a prime number?
False
Is 3397429 prime?
False
Is 66323 a prime number?
False
Is 141 a composite number?
True
Is 16481 composite?
False
Is 10961 a composite number?
True
Is 2843 prime?
True
Is 7057 a composite number?
False
Is 25301 composite?
False
Is 2544517 a prime number?
True
Is 3683 prime?
False
Is 913753 a prime number?
True
Is 27557 prime?
False
Is 4859 composite?
True
Is 1316591 a prime number?
True
Is 2653 a composite number?
True
Is 89035 a composite number?
True
Is 14401 a composite number?
False
Is 18859 a prime number?
True
Is 3671 composite?
False
Is 12037 a prime number?
True
Is 20047 a prime number?
True
Is 8807 a composite number?
False
Is 427409 composite?
True
Is 33505 a composite number?
True
Is 129993 composite?
True
Is 128813 a prime number?
True
Is 30089 a composite number?
False
Is 9957 a prime number?
False
Is 5512197 a prime number?
False
Is 183173 a prime number?
False
Is 1439 a prime number?
True
Is 1471 a composite number?
False
Is 22003 a prime number?
True
Is 19847 composite?
True
Is 1641709 prime?
True
Is 4871 composite?
False
Is 412693 prime?
False
Is 40429 prime?
True
Is 18617 composite?
False
Is 40343 prime?
True
Is 52531 a composite number?
True
Is 187601 a prime number?
False
Is 112139 composite?
False
Is 1655021 a prime number?
True
Is 9941 a prime number?
True
Is 127477 composite?
True
Is 202967 composite?
False
Is 142501 a prime number?
True
Is 497 a composite number?
True
Is 1327591 composite?
True
Is 3503 prime?
False
Is 229193 composite?
True
Is 2999 a prime number?
True
Is 231053 a prime number?
True
Is 3239 a prime number?
False
Is 19439 a prime number?
False
Is 4939 prime?
False
Is 1268591 a prime number?
False
Is 15853 prime?
False
Is 2171 a composite number?
True
Is 11113 composite?
False
Is 108386 a composite number?
True
Is 1791691 a composite number?
True
Is 160739 a prime number?
True
Is 2903 prime?
True
Is 1115351 composite?
False
Is 123343 a prime number?
False
Is 3137 a prime number?
True
Is 203803 a prime number?
False
Is 58241 prime?
False
Is 385345 a composite number?
True
Is 306529 composite?
False
Is 29327 a composite number?
False
Is 67559 composite?
False
Is 7349 composite?
False
Is 77329 a prime number?
False
Is 223541 a composite number?
True
Is 601187 prime?
True
Is 241291 prime?
True
Is 175011 a prime number?
False
Is 804767 a prime number?
True
Is 749 a composite number?
True
Is 319811 prime?
True
Is 34681 a composite number?
True
Is 1079 prime?
False
Is 22583 a composite number?
True
Is 27733 prime?
True
Is 152459 composite?
False
Is 9991 a prime number?
False
Is 184231 a composite number?
False
Is 2503 prime?
True
Is 263647 a composite number?
False
Is 8698 a composite number?
True
Is 60479 composite?
True
Is 1068961 composite?
True
Is 7609 prime?
False
Is 14793 composite?
True
Is 24733 composite?
False
Is 1009807 prime?
True
Is 8143 a composite number?
True
Is 46297 prime?
False
Is 14369 composite?
False
Is 156539 a prime number?
True
Is 1475899 a prime number?
True
Is 311653 prime?
True
Is 341423 composite?
False
Is 437207 composite?
True
Is 32605 composite?
True
Is 6803 a prime number?
True
Is 13093 a prime number?
True
Is 857101 composite?
True
Is 4327 composite?
False
Is 200579 composite?
False
Is 176695 composite?
True
Is 21633 composite?
True
Is 106391 composite?
False
Is 28979 composite?
False
Is 16495 a prime number?
False
Is 93127 composite?
True
Is 33311 prime?
True
Is 10895 composite?
True
Is 71639 a prime number?
False
Is 51383 composite?
False
Is 353719 composite?
True
Is 203597 a composite number?
True
Is 29163 prime?
False
Is 198167 prime?
False
Is 4737 a composite number?
True
Is 421147 prime?
True
Is 31103 prime?
False
Is 18269 prime?
True
Is 54469 prime?
True
Is 19607 prime?
False
Is 42739 a prime number?
False
Is 173249 composite?
False
Is 828991 a composite number?
True
Is 32321 a composite number?
False
Is 5177 composite?
True
Is 200137 prime?
False
Is 1383 composite?
True
Is 107069 a composite number?
False
Is 37663 a composite number?
False
Is 10639 composite?
False
Is 23486 composite?
True
Is 4535 a composite number?
True
Is 306101 composite?
True
Is 2575991 composite?
True
Is 180305 a prime number?
False
Is 15721 composite?
True
Is 1139 prime?
False
Is 474161 prime?
False
Is 1399 composite?
False
Is 4565831 composite?
False
Is 6347 prime?
False
Is 56569 a composite number?
False
Is 27491 composite?
True
Is 369647 a prime number?
True
Is 54865 a prime number?
False
Is 14777 composite?
True
Is 188827 a composite number?
False
Is 571093 composite?
False
Is 34583 a composite number?
False
Is 331127 a prime